- 360. Suppose p*i + d = 28*i. What is the units digit of i?
0
Suppose 4*d + 0*d - 753354 = -5*d. What is the units digit of d?
6
Let o(w) = -19*w**3 + 11*w + 2. Let h be (7 + -7)/1 + (1 - 4). What is the hundreds digit of o(h)?
4
Suppose -14 = 2*o, 112106 = 5*h - 187*o + 189*o. What is the units digit of h?
4
Let c(q) = 3*q**3 + 332*q**2 + 126*q - 34. What is the hundreds digit of c(-110)?
3
Suppose -76*c + 74*c + 2*b = -288, -5*c - 3*b = -696. What is the tens digit of c?
4
Suppose 0 = -3*v - 2*t - 2, 3*v - 20 = -5*t - 34. What is the hundreds digit of (v/(-8))/((-35)/72380)?
5
Let x = -8554 + 21223. What is the units digit of x?
9
Suppose c = 3*j + 4*c - 18, 3*j - 12 = -c. Suppose 0 = -5*t - 5, -j*t - 32 + 121 = d. Suppose w = 2*b - w - d, 0 = b - 5*w - 66. What is the units digit of b?
1
What is the thousands digit of 67562/8 - 228/(-304)?
8
Let t = 419 - 415. Suppose -196 = -t*s - 4*q, 73 = 2*s + 21*q - 24*q. What is the tens digit of s?
4
Let q be (-1344)/(-36) + (-2)/6. Suppose 2*k = g + 765, 41*k - q*k - g = 1531. What is the hundreds digit of k?
3
Let s(y) be the third derivative of y**5/15 - y**4/2 + 17*y**3/6 - 62*y**2. What is the hundreds digit of s(12)?
4
Let p(c) = 5*c**2 - 8*c + 29. Let s = 164 - 159. What is the tens digit of p(s)?
1
Let o = 36383 + -19986. What is the hundreds digit of o?
3
Let z = -76 - -70. Let s(h) = 2*h**2 + 14*h - 1. Let i be s(z). Let y(k) = -k**3 - 13*k**2 - 4*k - 15. What is the units digit of y(i)?
7
Suppose 12451 = 2*n - 5261. Let v be (5/10)/((-2)/n). What is the units digit of (-1*1)/(27/v)?
2
Let n = -105 - -6579. What is the hundreds digit of n?
4
What is the hundreds digit of 37477 - (-11 - (8 + -5))?
4
Let x = 6936 - -24397. What is the ten thousands digit of x?
3
Suppose 0 = -11*y + 3804 + 41956. What is the hundreds digit of y?
1
Suppose -5*k + 7*l - 12*l = -17490, -5*k + 2*l = -17483. Let f = k - 2401. What is the tens digit of f?
9
Suppose 85*o - 90*o = 275. What is the units digit of (-2)/10 + (-27896)/o?
7
Suppose -6*z + 14459 = 1031. Let f = z + -1553. What is the hundreds digit of f?
6
Suppose 1024*d - 46800 = 1012*d. What is the units digit of d?
0
Let l be (-1)/(-3) + (-230)/(-30). Suppose -o = -l*o + 2716. What is the tens digit of o?
8
Let n = -177 + 261. Let j(m) = m**2 + 3*m - 18. Let f be j(-6). What is the hundreds digit of (-2)/8 + f - (-16821)/n?
2
Let f(p) = -2*p**3 - 6*p**2 + 14*p + 7. Let n = 202 - 209. What is the hundreds digit of f(n)?
3
Suppose -p - m + 281 = 0, 1345 = 5*p - 4*m - 15. Let n be (p/(-9))/(1/(12/(-8))). Let x = n + -12. What is the units digit of x?
4
Let a = -62 + 82. What is the tens digit of 895*(5 - 88/a)?
3
Let h = 12 - 8. Suppose o + 5*q + 132 = 0, 4*o + 0*q + h*q + 560 = 0. Let m = 257 + o. What is the tens digit of m?
1
Let q(o) = -603*o + 736. What is the units digit of q(-4)?
8
Let r(b) = 636*b**2 - 165*b - 1262. What is the thousands digit of r(-7)?
1
What is the hundreds digit of 4 - (1794/65)/((-12)/1640)?
7
Let o(s) = 3*s**3 - 41*s**2 - 43*s + 57. Let g be o(15). Suppose -941 = -5*z + 5*i - 56, -5*z = 5*i - 905. Let f = g - z. What is the tens digit of f?
3
Let m(i) = -525*i + 3. Suppose 5*x - 5 = -5*f - 0*x, -x = 2*f. What is the hundreds digit of m(f)?
5
Let d = -1939 - -8659. What is the units digit of d?
0
Let k(j) = 315*j + 305. What is the thousands digit of k(14)?
4
Let f(q) be the third derivative of -q**6/120 - q**5/20 - q**3/6 - 17*q**2. Let t be f(-4). What is the hundreds digit of (9/t)/((-2)/(-470))?
1
Suppose 499026 + 403449 = -4173*t + 4200*t. What is the thousands digit of t?
3
Suppose 313*c - 318*c + 37650 = 0. What is the hundreds digit of c?
5
Let m be (4 + -4)*2/2. Suppose -3*s + v + 2880 = -m*s, 3*v - 4800 = -5*s. What is the hundreds digit of s?
9
Suppose -25 = -5*t, 3*x - 7*x + 1764 = -4*t. Let j = x + -160. What is the tens digit of j?
8
Let d(k) = 7*k**2 - 6*k - 25. Let w be d(7). Suppose 35*o - 34*o = w. What is the hundreds digit of o?
2
Suppose -4*l - 3*m = -4*m - 12, 3*l + 2*m + 2 = 0. Suppose 0 = c - l*a - 1306, -3*a - 1820 - 3389 = -4*c. What is the hundreds digit of c?
3
Suppose 0*r - 5*n = 4*r - 7, -5*r - 3*n = -12. Suppose -r*p - 228 = -5*s, s - 3*s = 2*p - 88. What is the units digit of s?
5
Let w(r) = -34*r**3 - 4*r**2 - 3*r + 1. Suppose 4*z = -2 - 6. Let s be w(z). Let b = -103 + s. What is the hundreds digit of b?
1
Let l = 57 + -54. Suppose 2*a - 6*u - 76 = -5*u, 0 = l*a + 2*u - 128. Suppose -a*p + 37*p + 426 = 0. What is the units digit of p?
2
Let s be ((-14)/9 + 70/315)*-198. Suppose 0 = s*f - 267*f + 498. What is the hundreds digit of f?
1
Suppose -18*o = 60923 - 295643. What is the units digit of o?
0
Suppose 164*i - 8538 - 4302 = 161*i. What is the units digit of i?
0
Suppose 3*w - 3 = -q - 50, 0 = -5*q + 5. Let o = 16 + w. Suppose o = 2*m - 5*s - 184, 3*m - 5*m + 3*s = -180. What is the units digit of m?
7
Let z be 32*(-3 + (-14)/(-4)). Suppose 4*s + 172 = 4*w, -5*s + 4*s + 4*w = 34. Let i = z - s. What is the tens digit of i?
6
Let n = 53 + 89. Suppose 4*v = 3*o + 180, 3*o - 148 = -3*v + 2*o. Let g = n - v. What is the units digit of g?
4
Let d = -345 + 344. What is the hundreds digit of 693 + d/2*-6?
6
Suppose 2 = -2*u - 10*f + 7*f, 2*f = 3*u - 10. Let t(a) = a - 16. Let p be t(20). Suppose -u*l - 83 = -x, p*x + 0*l = 3*l + 337. What is the tens digit of x?
8
Let d = 91 - 92. What is the units digit of 4/2 + -1*(-664 - d)?
5
Let r(f) = 35*f**2 - 4*f - 3. Let z be r(-3). Let n be ((-2)/4)/((0 + -6)/z). What is the tens digit of 5/((-135)/(-6)) + 1155/n?
4
Suppose 7671 = 203*g + 1581. Let f be 87/(-2)*12/(-9). Let w = g + f. What is the units digit of w?
8
Let c(p) = 50*p - 96. Let o(w) = 99*w - 195. Let x(z) = 5*c(z) - 3*o(z). What is the units digit of x(-18)?
1
What is the hundreds digit of -1 - (44740*-1 - (14 - 9))*1?
7
Let z(d) = 37*d**2 - 39*d - 137. What is the units digit of z(-13)?
3
Let o(p) = 4*p**2 - 166*p + 1358. What is the hundreds digit of o(8)?
2
Let y(x) = -x**2 + x. Let d be y(29). Let f = 182 - d. What is the units digit of f?
4
What is the tens digit of (1/(-12))/(115/1670260)*1*-6?
6
Let n be 34 + -27 + (856 - -1). Let h = -453 + n. What is the tens digit of h?
1
Suppose -7*t + 41154 + 33449 = 4*b, -b + 18632 = -2*t. What is the units digit of b?
2
Let q(s) = s**3 + 2*s**2 + 58*s + 399. What is the tens digit of q(0)?
9
Let f(y) = -2*y**2 + 18*y - 7. Let s be f(8). Suppose s*b + 152 = b. Let w(g) = -g**3 - 19*g**2 - 3*g - 20. What is the tens digit of w(b)?
3
Let j(c) = c**3 + 44*c**2 + 123*c + 3. Let y be j(-41). Suppose 2*r + y*r - 2255 = -5*k, k + 3*r = 453. What is the tens digit of k?
5
Let o(v) = 50*v**2 + 675*v + 58. What is the thousands digit of o(-46)?
4
Let a(k) = 2481*k**2 + 177*k + 3. What is the units digit of a(-3)?
1
Suppose -3*j = -5*u - 40061, u - 77134 = -4*j - 23773. What is the hundreds digit of j?
3
Let y be -1*(-2 - 1)*3. Let p(n) = 24*n - 6. Let m be p(y). What is the tens digit of 5/m*7 + 2362/12?
9
What is the tens digit of (-24)/(-9)*(-14)/(224/(-198384))?
6
Let b(k) = k**3 + 6*k**2 - 10. Let q be (-19)/4 + (65/20)/(-13). Let z be b(q). What is the units digit of (-2)/(-5) + 384/z + 3?
9
Let o be -4 + (-2 - -3) + 8. Suppose -4*z = -o*j - 171 + 10, 3*j + 101 = -2*z. Let m = 4 - j. What is the units digit of m?
7
Suppose -33*z - 30 = -39*z. Suppose -4*j + z*w = -1746, -2*j = -j + 2*w - 430. What is the units digit of j?
4
Suppose 2*m - 5*r + 12 = -7*r, -5*r - 10 = 0. Let t = -7 + 10. What is the units digit of ((-6)/m)/(t/306)?
3
Let m be (-11)/(-3 - (-7 - -5)). What is the hundreds digit of 256 - (-12 + (m - 4))?
2
Let c(f) be the third derivative of -f**4/6 + 33*f**3/2 + 154*f**2. Suppose -2*y = -y. What is the units digit of c(y)?
9
Let z be 3 + -5 + 520/5. Suppose 3*h - 24 = z. Suppose 0 = -i - h + 51. What is the units digit of i?
9
Suppose 97*q - 5844 - 35101 = 47519. What is the tens digit of q?
1
Let m(b) = 5*b - 4. Let j be m(2). Suppose -j*r + 5*r = -2. What is the tens digit of 2 - (r + -49 + -2)?
5
Suppose -7 = -2*p - 3. Suppose p*w + w - 432 = 0. Suppose -7*v = -v - w. What is the tens digit of v?
2
What is the hundreds digit of (-6 - -3)*-1030*(-30)/(-36)?
5
Let s(v) = -v**3 + 4*v**2 - 150*v - 98. What is the thousands digit of s(